{"id":1883,"date":"2017-04-03T21:50:43","date_gmt":"2017-04-03T20:50:43","guid":{"rendered":"https:\/\/dj-jack.pl\/jacekkurzawa\/?page_id=1883"},"modified":"2022-03-28T17:16:38","modified_gmt":"2022-03-28T16:16:38","slug":"cd2-pod-dachami-paryza","status":"publish","type":"page","link":"https:\/\/dj-jack.pl\/jacekkurzawa\/cd2-pod-dachami-paryza\/","title":{"rendered":"Pod dachami Pary\u017ca &#8230; [CD2]"},"content":{"rendered":"\t\t<div data-elementor-type=\"wp-page\" data-elementor-id=\"1883\" class=\"elementor elementor-1883\">\n\t\t\t\t\t\t<section class=\"elementor-section elementor-top-section elementor-element elementor-element-34304157 elementor-section-stretched elementor-section-boxed elementor-section-height-default elementor-section-height-default\" data-id=\"34304157\" data-element_type=\"section\" data-e-type=\"section\" data-settings=\"{&quot;stretch_section&quot;:&quot;section-stretched&quot;}\">\n\t\t\t\t\t\t<div class=\"elementor-container elementor-column-gap-default\">\n\t\t\t\t\t<div class=\"elementor-column elementor-col-100 elementor-top-column elementor-element elementor-element-4421031c\" data-id=\"4421031c\" data-element_type=\"column\" data-e-type=\"column\">\n\t\t\t<div class=\"elementor-widget-wrap elementor-element-populated\">\n\t\t\t\t\t\t<div class=\"elementor-element elementor-element-583b078 elementor-widget elementor-widget-text-editor\" data-id=\"583b078\" data-element_type=\"widget\" data-e-type=\"widget\" data-widget_type=\"text-editor.default\">\n\t\t\t\t<div class=\"elementor-widget-container\">\n\t\t\t\t\t\t\t\t\t<p><a  href=\"https:\/\/dj-jack.pl\/jacekkurzawa\/new\/wp-content\/uploads\/2017\/04\/plyta2Auchan_bez-logo_booklet_m.jpg\" data-rel=\"lightbox-gallery-0\" data-rl_title=\"\" data-rl_caption=\"\" title=\"\"><img decoding=\"async\" src=\"https:\/\/dj-jack.pl\/jacekkurzawa\/new\/wp-content\/uploads\/2017\/04\/plyta2Auchan_bez-logo_booklet_m.jpg\" alt=\"\" width=\"180\" height=\"179\" \/><\/a> \u00a0 \u00a0<a  href=\"https:\/\/dj-jack.pl\/jacekkurzawa\/new\/wp-content\/uploads\/2017\/04\/plyta2Auchan_cd_m.jpg\" data-rel=\"lightbox-gallery-0\" data-rl_title=\"\" data-rl_caption=\"\" title=\"\"><img decoding=\"async\" src=\"https:\/\/dj-jack.pl\/jacekkurzawa\/new\/wp-content\/uploads\/2017\/04\/plyta2Auchan_cd_m.jpg\" alt=\"\" width=\"180\" height=\"178\" \/><\/a><\/p><ol><li>&#8222;Pod Dachami Pary\u017ca&#8221; &#8211; (Sous Les Ponts De Paris)(valse musette)<\/li><li>&#8222;Wi\u0105zanka francuska&#8221; (valse musette)<\/li><li>&#8222;\u017by\u0107 jak r\u00f3\u017ca&#8221; &#8211; (La Vie En Rose)(slow-fox)<\/li><li>&#8222;Hiszpa\u0144skie Oczy&#8221; &#8211; (Blue Spanish Eyes)(rhumba)<\/li><li>&#8222;Historia jednej mi\u0142o\u015bci&#8221; &#8211; (Historia De Un Amor) (rhumba)<\/li><li>&#8222;Miasteczko na D\u0142oni&#8221; (valse musette)<\/li><li>&#8222;Powr\u00f3t Jask\u00f3\u0142ek&#8221; &#8211; (Retour des Hirondelles)(valse musette)<\/li><li>&#8222;Que Sera&#8221; (valse musette)<\/li><li>Temat z filmu &#8222;Micha\u0142 Strogow&#8221;<\/li><li>&#8222;Misty&#8221;<\/li><li>&#8222;Jesienne Li\u015bcie&#8221; (Autumn Leaves)(bossa-nova).<\/li><\/ol><p>Fragmenty utwor\u00f3w:<\/p><p><a href=\"https:\/\/dj-jack.pl\/jacekkurzawa\/new\/wp-content\/uploads\/2017\/04\/poddachami_fragm.mp3\">Pod dachami Pary\u017ca<\/a>.<\/p><audio class=\"wp-audio-shortcode\" id=\"audio-1883-1\" preload=\"none\" style=\"width: 100%;\" controls=\"controls\"><source type=\"audio\/mpeg\" src=\"https:\/\/dj-jack.pl\/jacekkurzawa\/wp-content\/uploads\/2017\/04\/poddachami_fragm.mp3?_=1\" \/><a href=\"https:\/\/dj-jack.pl\/jacekkurzawa\/wp-content\/uploads\/2017\/04\/poddachami_fragm.mp3\">https:\/\/dj-jack.pl\/jacekkurzawa\/wp-content\/uploads\/2017\/04\/poddachami_fragm.mp3<\/a><\/audio><p><a style=\"font-size: 14.4px;\" href=\"https:\/\/dj-jack.pl\/jacekkurzawa\/new\/wp-content\/uploads\/2017\/04\/wiazanka_fragm.mp3\">Wi\u0105zanka_fragm<\/a><span style=\"font-size: 14.4px;\">.<\/span><\/p><audio class=\"wp-audio-shortcode\" id=\"audio-1883-2\" preload=\"none\" style=\"width: 100%;\" controls=\"controls\"><source type=\"audio\/mpeg\" src=\"https:\/\/dj-jack.pl\/jacekkurzawa\/wp-content\/uploads\/2017\/04\/wiazanka_fragm.mp3?_=2\" \/><a href=\"https:\/\/dj-jack.pl\/jacekkurzawa\/wp-content\/uploads\/2017\/04\/wiazanka_fragm.mp3\">https:\/\/dj-jack.pl\/jacekkurzawa\/wp-content\/uploads\/2017\/04\/wiazanka_fragm.mp3<\/a><\/audio><p><a style=\"font-size: 14.4px;\" href=\"https:\/\/dj-jack.pl\/jacekkurzawa\/new\/wp-content\/uploads\/2017\/04\/lavieenrose_fragm.mp3\">La vie en rose_fragm<\/a><span style=\"font-size: 14.4px;\">.<\/span><\/p><audio class=\"wp-audio-shortcode\" id=\"audio-1883-3\" preload=\"none\" style=\"width: 100%;\" controls=\"controls\"><source type=\"audio\/mpeg\" src=\"https:\/\/dj-jack.pl\/jacekkurzawa\/wp-content\/uploads\/2017\/04\/lavieenrose_fragm.mp3?_=3\" \/><a href=\"https:\/\/dj-jack.pl\/jacekkurzawa\/wp-content\/uploads\/2017\/04\/lavieenrose_fragm.mp3\">https:\/\/dj-jack.pl\/jacekkurzawa\/wp-content\/uploads\/2017\/04\/lavieenrose_fragm.mp3<\/a><\/audio><p><a style=\"font-size: 14.4px;\" href=\"https:\/\/dj-jack.pl\/jacekkurzawa\/new\/wp-content\/uploads\/2017\/04\/spanisheyes_fragm.mp3\">Spanish eyes_fragm<\/a><span style=\"font-size: 14.4px;\">.<\/span><\/p><audio class=\"wp-audio-shortcode\" id=\"audio-1883-4\" preload=\"none\" style=\"width: 100%;\" controls=\"controls\"><source type=\"audio\/mpeg\" src=\"https:\/\/dj-jack.pl\/jacekkurzawa\/wp-content\/uploads\/2017\/04\/spanisheyes_fragm.mp3?_=4\" \/><a href=\"https:\/\/dj-jack.pl\/jacekkurzawa\/wp-content\/uploads\/2017\/04\/spanisheyes_fragm.mp3\">https:\/\/dj-jack.pl\/jacekkurzawa\/wp-content\/uploads\/2017\/04\/spanisheyes_fragm.mp3<\/a><\/audio><p><a style=\"font-size: 14.4px;\" href=\"https:\/\/dj-jack.pl\/jacekkurzawa\/new\/wp-content\/uploads\/2017\/04\/historia_fragm.mp3\">historia_fragm<\/a><span style=\"font-size: 14.4px;\">.<\/span><\/p><audio class=\"wp-audio-shortcode\" id=\"audio-1883-5\" preload=\"none\" style=\"width: 100%;\" controls=\"controls\"><source type=\"audio\/mpeg\" src=\"https:\/\/dj-jack.pl\/jacekkurzawa\/wp-content\/uploads\/2017\/04\/historia_fragm.mp3?_=5\" \/><a href=\"https:\/\/dj-jack.pl\/jacekkurzawa\/wp-content\/uploads\/2017\/04\/historia_fragm.mp3\">https:\/\/dj-jack.pl\/jacekkurzawa\/wp-content\/uploads\/2017\/04\/historia_fragm.mp3<\/a><\/audio><p><a style=\"font-size: 14.4px;\" href=\"https:\/\/dj-jack.pl\/jacekkurzawa\/new\/wp-content\/uploads\/2017\/04\/quesera_fragm.mp3\">Que sera_fragm<\/a><span style=\"font-size: 14.4px;\">.<\/span><\/p><audio class=\"wp-audio-shortcode\" id=\"audio-1883-6\" preload=\"none\" style=\"width: 100%;\" controls=\"controls\"><source type=\"audio\/mpeg\" src=\"https:\/\/dj-jack.pl\/jacekkurzawa\/wp-content\/uploads\/2017\/04\/quesera_fragm.mp3?_=6\" \/><a href=\"https:\/\/dj-jack.pl\/jacekkurzawa\/wp-content\/uploads\/2017\/04\/quesera_fragm.mp3\">https:\/\/dj-jack.pl\/jacekkurzawa\/wp-content\/uploads\/2017\/04\/quesera_fragm.mp3<\/a><\/audio><p><a style=\"font-size: 14.4px;\" href=\"https:\/\/dj-jack.pl\/jacekkurzawa\/new\/wp-content\/uploads\/2017\/04\/misty_fragm.mp3\">Misty_fragm<\/a><span style=\"font-size: 14.4px;\">.<\/span><\/p><audio class=\"wp-audio-shortcode\" id=\"audio-1883-7\" preload=\"none\" style=\"width: 100%;\" controls=\"controls\"><source type=\"audio\/mpeg\" src=\"https:\/\/dj-jack.pl\/jacekkurzawa\/wp-content\/uploads\/2017\/04\/misty_fragm.mp3?_=7\" \/><a href=\"https:\/\/dj-jack.pl\/jacekkurzawa\/wp-content\/uploads\/2017\/04\/misty_fragm.mp3\">https:\/\/dj-jack.pl\/jacekkurzawa\/wp-content\/uploads\/2017\/04\/misty_fragm.mp3<\/a><\/audio><p>Rejestracja utwor\u00f3w zaj\u0119\u0142a tylko dwa dni, jesieni\u0105 2006 w studio\u00a0 &#8222;Mannhatan&#8221; w Tomaszowie Maz, realizacja nagra\u0144 &#8211; Dariusz Mr\u00f3wczy\u0144ski. Mix i mastering &#8211; Jacek Kurzawa.<\/p><p><span style=\"font-size: 19.2px;\">Data ukazania p\u0142yty CD &#8211; 5.11.2006 r.\u00a0 z okazji &#8211; 5 lecia Auchan, Bydgoszcz odby\u0142 si\u0119 koncert w Auchan, Bydgoszcz.<\/span><\/p><p><a href=\"https:\/\/dj-jack.pl\/jacekkurzawa\/new\/piosenka-przypomni-ci-cd1\/\">CD 1 &#8211; Piosenka Przypomni Ci&#8230;<\/a><\/p>\t\t\t\t\t\t\t\t<\/div>\n\t\t\t\t<\/div>\n\t\t\t\t\t<\/div>\n\t\t<\/div>\n\t\t\t\t\t<\/div>\n\t\t<\/section>\n\t\t\t\t<section class=\"elementor-section elementor-top-section elementor-element elementor-element-3302004 elementor-section-boxed elementor-section-height-default elementor-section-height-default\" data-id=\"3302004\" data-element_type=\"section\" data-e-type=\"section\">\n\t\t\t\t\t\t<div class=\"elementor-container elementor-column-gap-default\">\n\t\t\t\t\t<div class=\"elementor-column elementor-col-100 elementor-top-column elementor-element elementor-element-897536c\" data-id=\"897536c\" data-element_type=\"column\" data-e-type=\"column\">\n\t\t\t<div class=\"elementor-widget-wrap elementor-element-populated\">\n\t\t\t\t\t\t<div class=\"elementor-element elementor-element-4e2523e elementor-align-center elementor-invisible elementor-widget elementor-widget-button\" data-id=\"4e2523e\" data-element_type=\"widget\" data-e-type=\"widget\" data-settings=\"{&quot;_animation&quot;:&quot;bounceIn&quot;}\" data-widget_type=\"button.default\">\n\t\t\t\t<div class=\"elementor-widget-container\">\n\t\t\t\t\t\t\t\t\t<div class=\"elementor-button-wrapper\">\n\t\t\t\t\t<a class=\"elementor-button elementor-button-link elementor-size-sm\" href=\"https:\/\/allegro.pl\/listing?string=jacek%20kurzawa%20cd&#038;bmatch=baseline-product-cl-eyesa2-engag-dict45-uni-1-3-0717\" target=\"_blank\" rel=\"noopener\">\n\t\t\t\t\t\t<span class=\"elementor-button-content-wrapper\">\n\t\t\t\t\t\t\t\t\t<span class=\"elementor-button-text\">ALLEGRO<\/span>\n\t\t\t\t\t<\/span>\n\t\t\t\t\t<\/a>\n\t\t\t\t<\/div>\n\t\t\t\t\t\t\t\t<\/div>\n\t\t\t\t<\/div>\n\t\t\t\t\t<\/div>\n\t\t<\/div>\n\t\t\t\t\t<\/div>\n\t\t<\/section>\n\t\t\t\t<\/div>\n\t\t","protected":false},"excerpt":{"rendered":"<p>\u00a0 \u00a0 &#8222;Pod Dachami Pary\u017ca&#8221; &#8211; (Sous Les Ponts De Paris)(valse musette) &#8222;Wi\u0105zanka francuska&#8221; (valse musette) &#8222;\u017by\u0107 jak r\u00f3\u017ca&#8221; &#8211;&hellip;<\/p>\n","protected":false},"author":1,"featured_media":0,"parent":0,"menu_order":0,"comment_status":"closed","ping_status":"closed","template":"","meta":{"footnotes":""},"class_list":["post-1883","page","type-page","status-publish","hentry"],"_links":{"self":[{"href":"https:\/\/dj-jack.pl\/jacekkurzawa\/wp-json\/wp\/v2\/pages\/1883","targetHints":{"allow":["GET"]}}],"collection":[{"href":"https:\/\/dj-jack.pl\/jacekkurzawa\/wp-json\/wp\/v2\/pages"}],"about":[{"href":"https:\/\/dj-jack.pl\/jacekkurzawa\/wp-json\/wp\/v2\/types\/page"}],"author":[{"embeddable":true,"href":"https:\/\/dj-jack.pl\/jacekkurzawa\/wp-json\/wp\/v2\/users\/1"}],"replies":[{"embeddable":true,"href":"https:\/\/dj-jack.pl\/jacekkurzawa\/wp-json\/wp\/v2\/comments?post=1883"}],"version-history":[{"count":24,"href":"https:\/\/dj-jack.pl\/jacekkurzawa\/wp-json\/wp\/v2\/pages\/1883\/revisions"}],"predecessor-version":[{"id":2240,"href":"https:\/\/dj-jack.pl\/jacekkurzawa\/wp-json\/wp\/v2\/pages\/1883\/revisions\/2240"}],"wp:attachment":[{"href":"https:\/\/dj-jack.pl\/jacekkurzawa\/wp-json\/wp\/v2\/media?parent=1883"}],"curies":[{"name":"wp","href":"https:\/\/api.w.org\/{rel}","templated":true}]}}